{"id":269,"date":"2025-02-17T04:54:46","date_gmt":"2025-02-17T03:54:46","guid":{"rendered":"https:\/\/comercializadoramaxielectricos.com\/?post_type=product&#038;p=269"},"modified":"2025-02-17T05:02:56","modified_gmt":"2025-02-17T04:02:56","slug":"alambre-desnudo-no-12-por-metros","status":"publish","type":"product","link":"https:\/\/comercializadoramaxielectricos.com\/?product=alambre-desnudo-no-12-por-metros","title":{"rendered":"Alambre desnudo Cobre No 12 por Metros"},"content":{"rendered":"<p>Alambre desnudo calibre No 12, fabricado en acero galvanizado de alta resistencia, ideal para usos el\u00e9ctricos, agr\u00edcolas, cercados y construcci\u00f3n. Su acabado sin recubrimiento facilita la manipulaci\u00f3n y conexi\u00f3n en diversos proyectos. Se vende por metros para ajustarse a tus necesidades espec\u00edficas.<\/p>\n","protected":false},"excerpt":{"rendered":"<p>Alambre desnudo No 12, resistente y vers\u00e1til, vendido por metro.<\/p>\n","protected":false},"featured_media":271,"comment_status":"open","ping_status":"closed","template":"","meta":[],"product_brand":[],"product_cat":[47],"product_tag":[59,85,86,73,69,60,88,72,68,87],"class_list":{"0":"post-269","1":"product","2":"type-product","3":"status-publish","4":"has-post-thumbnail","6":"product_cat-alambre-desnudo-cobre","7":"product_tag-alambre","8":"product_tag-alambre-desnudo","9":"product_tag-calibre-12","10":"product_tag-certificado","11":"product_tag-comercilizadora","12":"product_tag-desnudo","13":"product_tag-en-carreta","14":"product_tag-en-cobre","15":"product_tag-maxielctricos","16":"product_tag-por-metros","18":"first","19":"instock","20":"taxable","21":"shipping-taxable","22":"purchasable","23":"product-type-simple"},"aioseo_notices":[],"_links":{"self":[{"href":"https:\/\/comercializadoramaxielectricos.com\/index.php?rest_route=\/wp\/v2\/product\/269","targetHints":{"allow":["GET"]}}],"collection":[{"href":"https:\/\/comercializadoramaxielectricos.com\/index.php?rest_route=\/wp\/v2\/product"}],"about":[{"href":"https:\/\/comercializadoramaxielectricos.com\/index.php?rest_route=\/wp\/v2\/types\/product"}],"replies":[{"embeddable":true,"href":"https:\/\/comercializadoramaxielectricos.com\/index.php?rest_route=%2Fwp%2Fv2%2Fcomments&post=269"}],"version-history":[{"count":0,"href":"https:\/\/comercializadoramaxielectricos.com\/index.php?rest_route=\/wp\/v2\/product\/269\/revisions"}],"wp:featuredmedia":[{"embeddable":true,"href":"https:\/\/comercializadoramaxielectricos.com\/index.php?rest_route=\/wp\/v2\/media\/271"}],"wp:attachment":[{"href":"https:\/\/comercializadoramaxielectricos.com\/index.php?rest_route=%2Fwp%2Fv2%2Fmedia&parent=269"}],"wp:term":[{"taxonomy":"product_brand","embeddable":true,"href":"https:\/\/comercializadoramaxielectricos.com\/index.php?rest_route=%2Fwp%2Fv2%2Fproduct_brand&post=269"},{"taxonomy":"product_cat","embeddable":true,"href":"https:\/\/comercializadoramaxielectricos.com\/index.php?rest_route=%2Fwp%2Fv2%2Fproduct_cat&post=269"},{"taxonomy":"product_tag","embeddable":true,"href":"https:\/\/comercializadoramaxielectricos.com\/index.php?rest_route=%2Fwp%2Fv2%2Fproduct_tag&post=269"}],"curies":[{"name":"wp","href":"https:\/\/api.w.org\/{rel}","templated":true}]}}